4 + (8 - 4)?
-4
What is 3 + (7 + -2 - 5)?
3
What is the value of (0 - 3) + (10 - 8) + -5?
-6
-2 - (1 + 0 - (-11 - -13))
-1
What is -5 + (9 - 5) - 1?
-2
Calculate -9 - (-12 - -5) - -9.
7
Evaluate -2 - (3 - 2 - -1).
-4
Evaluate 1 - (4 + 7 - 5).
-5
What is -1 + 1 + 6 + -4 + 2?
4
Evaluate -13 + 1 - (-9 - -4).
-7
(-45 - -47) + (6 - (3 + 0))
5
Calculate 2 + 0 + 0 + 3 + -9.
-4
What is the value of 5 + (-8 - ((-7 - -8) + -1))?
-3
What is (-4 - (-2 - 3)) + -1?
0
Calculate (-11 - -11) + -5 - -6.
1
What is the value of (-1 - 5 - (-13 - -3)) + -3?
1
What is the value of 10 + (-4 - -6) - 10?
2
Calculate 2 + (-6 - -6) + -6.
-4
Calculate 7 - ((8 - 18) + 6 + 6).
5
What is (-9 - -11) + -2 + -2 + 3?
1
Evaluate 0 + 2 + -3 + 5.
4
What is the value of 0 + (6 - 4) - 4?
-2
What is -9 + (5 - -2) + 0?
-2
What is the value of -5 - ((6 - 11) + -1)?
1
Evaluate 4 - (1 + 0) - (0 - -3).
0
What is the value of -8 - (1 - -5 - 16)?
2
What is the value of (-5 - (0 + 1)) + (-228 - -232)?
-2
What is the value of -2 - (-3 - (-1 - -1)) - 1?
0
(8 + -3 - 2) + -4 + 2
1
Evaluate (-209 - -206) + (6 - 0).
3
What is the value of 2 - (-4 - -5 - (2 - -2))?
5
Evaluate -45 - -38 - (-8 - 0).
1
What is the value of -4 + (-3 + 6 - (-12 + 18))?
-7
Calculate -5 - (-4 + 7) - -6.
-2
5 + (0 - 0) + 16 + -17
4
Evaluate (9 - 6) + 4 + -8.
-1
(-43 - -49) + -1 + -2
3
What is the value of 3 - (13 - ((-9 - -4) + 12))?
-3
Evaluate (-5 + -1 - (6 - 8)) + 8.
4
Evaluate 7 - (0 + (22 - 12)).
-3
Calculate 36 + -24 + -17 + -1.
-6
What is -2 + (3 - (-1 - -4))?
-2
What is the value of (1 - 1) + 14 + -11 + 2?
5
Calculate (-47 - -71 - (8 + -1)) + -6.
11
Evaluate -5 - 3 - 0 - -3.
-5
What is -3 + -5 + (-2 - -3) + 4?
-3
What is the value of 2 + (1 - (-2 - -8))?
-3
What is the value of 0 - 7 - (2 - -1 - 5)?
-5
Calculate -2 + -1 + (5 - (2 + 4)).
-4
Evaluate 4 + 1 - (6 - 3).
2
Evaluate 10 + (1 - (-4 - -6) - 2).
7
Evaluate 4 + (2 + -4 - 4).
-2
Calculate 30 + -35 + (13 - 2).
6
(115 - 102) + -1 + -5
7
Calculate (1 - ((-6 - 5) + 7)) + -3.
2
-6 + (-6 - -1 - -6)
-5
What is the value of (4 - 5) + 2 + -4?
-3
What is the value of -1 - (2 + -5 + (5 - 1))?
-2
3 + -5 + 4 - 7
-5
(-1 - -7) + -5 + (1 - -1)
3
What is the value of -4 + -8 - -7 - 2?
-7
What is 6 + -3 + -2 - (25 + -21)?
-3
What is 9 - 12 - (4 + -5)?
-2
Evaluate 2 - (0 + -3 + 1).
4
Evaluate -3 + -2 - (-8 + 7).
-4
4 + -10 + -4 + 8
-2
Calculate (8 - (1 - -11)) + 5.
1
Evaluate -6 + (-13 - -1 - -12).
-6
7 + 0 - (39 - 37)
5
Calculate (-6 - -4 - (4 - 7)) + 4.
5
What is (11 + -7 - 9) + 9?
4
What is the value of (-3 - 0) + 5 + 2 + -1?
3
Calculate -1 - (-25 - -10) - 8.
6
What is (-21 - -12 - 4) + 13?
0
What is 2 - (-3 - 7 - -8)?
4
What is the value of 0 + 1 + (-1 - (-7 + 7))?
0
Calculate -1 + 5 + -8 + 0 - -2.
-2
Calculate 0 + 12 + (3 - 15).
0
What is -9 + 1 + (1 - -4) + -3?
-6
Calculate -8 + -4 + 4 - (-16 + 15).
-7
What is the value of (6 + -10 - -11) + -10?
-3
Calculate -10 - (1 - (-10 + 16)).
-5
Calculate (1 - 9) + (2 - (0 - 4)).
-2
Calculate (-1 - (0 + 1)) + -3.
-5
What is the value of -4 - (0 + 1) - 0?
-5
What is the value of 3 + -3 + 7 + -2?
5
What is the value of 16 + -6 + -4 + -14?
-8
-5 + 3 + -3 - -9
4
Evaluate 21 + -12 + -10 + 1.
0
(-1 - -6) + -7 + 0 - -1
-1
Evaluate 6 - (-9 + 9) - (-2 + 6).
2
-34 - -38 - (-5 - -2 - -4)
3
-11 + (-5 - (-27 + 12))
-1
Evaluate 19 - 23 - (0 + 0).
-4
What is the value of -3 + (0 - -7) + (0 - 1)?
3
Calculate (2 - -2) + 1 + -6.
-1
Evaluate (1 - (4 + -7)) + -1 + 1.
4
3 + 3 + -6 + -2
-2
-2 + -4 + 4 + 4
2
Evaluate -3 + (-3 - -13) + -3 - 2.
2
What is the value of 7 + -10 + 1 + 2?
0
16 + (-13 - -9) - 8
4
Evaluate -3 - (-5 + 4 + 0).
-2
Calculate -1 + (0 - -4) + -4 + 0.
-1
Evaluate -10 + (-7 + 4 + -4 - -9).
-8
Calculate 5 + (3 + -4 - 7).
-3
What is 1 - (-3 + (15 - 8))?
-3
-5 - -13 - 8 - -1 - 7
-6
What is 4 - ((-9 - -7) + 2)?
4
Calculate 0 + (-2 - -5) + (2 - 1).
4
10 + -9 + 10 + -3
8
-4 - (-4 - ((2 - -3) + -8))
-3
What is -3 - -17 - 1 - 9?
4
Calculate 3 - 2 - (-1 - -1).
1
What is -44 - -43 - ((-1 - -2) + -6)?
4
What is -9 + (17 - (-2 - -4))?
6
Calculate (8 - (20 + -4)) + 10.
2
Evaluate -3 - 6 - -5 - (-1 - 7).
4
What is (11 - 10) + (-1 - -2)?
2
Evaluate -8 + (-1 - (5 + -8)).
-6
What is -2 - (-5 + 0) - 8?
-5
Evaluate -5 - -5 - (-2 + (-2 - -3)).
1
Calculate 3 - (3 - -1 - 3).
2
Evaluate -2 - -3 - 0 - (-1 - -2).
0
5 + 1 - ((-3 - 2) + 6)
5
What is the value of (-3 - 0) + (-1 - (1 + -1))?
-4
Calculate -7 - (-7 + -1 + -5).
6
2 - (-9 - (-3 - -2))
10
-11 + (9 - 3) - (-3 + 0)
-2
What is the value of 3 - (-3 - (0 - 3))?
3
-13 + (0 - 1) + 11
-3
Evaluate 7 + -4 - (-3 - -5 - 4).
5
What is 4 - (-5 - -9) - -3?
3
What is the value of (0 - -7) + -1 + -18 + 16?
4
Evaluate (-5 + 13 - 28 - -7) + 2.
-11
What is (-6 - -2) + (9 - 1)?
4
(-3 - -5) + 1 + 0
3
What is 4 + -2 + 5 + -2?
5
Evaluate (-2 - (-3 + 3)) + 6.
4
-4 - (-4 + (5 - 6)) - 4
-3
0 + 1 + 0 + -4
-3
What is the value of (-2 - -1 - -4) + -42 + 34?
-5
What is 12 - (-6 + 15 + -2)?
5
What is the value of (-9 - (1 + -14)) + (-1 - 0)?
3
Calculate 11 - (7 - (4 + -5) - 5).
8
What is the value of 0 + 5 - (8 + (-3 - 3))?
3
What is 17 + -9 - (-1 + 3)?
6
What is 7 + 1 + -6 - 0?
2
What is the value of (10 + -19 - (-1 - 0)) + 7?
-1
Evaluate -3 + (1 + -4 - -2).
-4
Calculate 4 + -3 + 3 - 9.
-5
What is the value of 3 - (-10 - -8 - 1 - -1)?
5
What is the value of (0 - (4 - 7)) + -1?
2
Evaluate (30 - 25) + (-4 - 0) - -6.
7
Calculate (8 - 14) + 21 - 14.
1
-5 + (19 - 20) + (1 - 1)
-6
(5 - 3) + (8 - 4) + -1
5
-18 - -26 - (0 + 3)
5
What is the value of (-1 - (4 - 10)) + -4 - 9?
-8
What is -7 - (-10 + 9 + (-1 - 1))?
-4
Evaluate -1 + -2 + 1 - (-7 - -3).
2
2 + (0 - 5) + 2
-1
What is -8 - (1 - 3 - 2) - 0?
-4
What is the value of (0 + -1 - -2) + (-2 - -2)?
1
-1 + 2 - (2 - (-1 - -1))
-1
7 - ((7 - (-2 + 5)) + -2)
5
-2 - (0 + 4 - 1)
-5
Evaluate (-4 - (-13 + 6)) + -6.
-3
Calculate 0 + (5 - (0 + -2)) + -15.
-8
10 + (-14 + 3 - 10)
-11
What is the value of 1 + 8 + 1 + -15 + 12?
7
Evaluate -9 + 12 + -5 + (-5 - -1).
-6
Evaluate 7 - 6 - (0 - 1).
2
What is the value of 2 - (0 - -8) - (-1 - -1)?
-6
1 + -1 + (11 - 10)
1
Evaluate 6 + -8 + 6 - 7 - -3.
0
Calculate (-1 - -2 - 1) + (1 - 2).
-1
What is -9 + -1 + (-18 - -38)?
10
What is the value of 0 - 5 - (82 - 90)?
3
Calculate 3 + -6 + -6 - -4.
-5
What is the value of 2 + 2 - (2 + 4)?
-2
Evaluate 8 - (7 + (5 - 7) + -3).
6
-9 - (-22 - (-4 + -5))
4
Calculate -5 - -2 - (11 - (3 + 15)).
4
Calculate 3 + -1 + -16 + 14.
0
(0 + -6 - (7 + -10)) + 8
5
(2 - (5 + -4)) + 1
2
4 - ((9 - 2) + (-1 - -2))
-4
What is the value of 26 + -32 + (-2 - -11)?
3
What is the value of -1 + 3 + 2 - 4?
0
What is 1 - ((1 - (-2 + 3)) + 0)?
1
(1 - (1 + (-9 - -5))) + -9
-5
Calculate -274 + 264 + (0 - 0).
-10
-8 + 14 + (-1 + -1 - 1)
3
Calculate (-1 - -15) + -8 - 6.
0
Calculate 1 + -1 + (7 - 7).
0
What is -5 + (2 - 4) + (7 - 1)?
-1
What is the value of -6 + (7 - -3) + -3?
1
(-41 - -48) + -2 + 0
5
What is 10 + -2 - (-1 + 5)?
4
What is -5 - (6 - (4 - -4))?
-3
Calculate -3 + 1 - (-6 - -1).
3
What is 47 + -42 - (4 - 1)?
2
Evaluate -12 + -3 + 12 + (0 - -1).
-2
Evaluate -4 + (-17 + 9 - (-3 + -2)).
-7
What is -4 - -5 - (3 + -10 - -15)?
-7
What is 4 + (3 - (-4 - -13))?
-2
What is the value of (0 + 1 - -4 - 5) + 5?
5
What is the value of (3 - (5 - 3)) + -1?
0
Evaluate -1 + 2 - ((-6 - -1) + 7).
-1
(-2 - 16) + 3 - -8
-7
Calculate (7 - 1) + 1 + -5.
2
Evaluate -2 - (-5 + -4 + 8) - 2.
-3
(0 - 7) + 114 + -107
0
What is the value of 314 + -322 + 1 + (2 - 4)?
-9
Evaluate -2 - (4 + -5 + 2 + 0).
-3
Calculate (-14 + 16 - 5) + -3 + -1.
-7
What is the value of 10 + -8 + -9 - (-1 - 1)?
-5
What is (-10 + 8 + 2 - 8) + 3?
-5
0 + (-3 + (4 - 4) - -1)
-2
Calculate -1 + 1 + -4 + 7 - 9.
-6
What is the value of 13 - 9 - (0 - (0 - 0))?
4
Evaluate 4 + (4 - 5) - 2 - 4.
-3
Calculate (2 - 0) + 10 + (-12 - -2).
2
What is the value of 0 - (2 + 1 - (5 + -7))?
-5
What is (-8 + 7 - (3 - 2)) + -3?
-5
Evaluate 2 + 8 + -15 + 0 + 0.
-5
What is the value of -4 + (-8 + 0 - -13) - 2?
-1
Evaluate 4 + 0 + 10 + -24.
-10
Evaluate (-1 - 0) + (1 + -5 - -3).
-2
What is 1 + -2 - (-4 - -7 - 7)?
3
What is -5 - ((-10 - (-4 - 0)) + 1)?
0
What is the value of (5 - 1) + (-20 - (6 - 18))?
-4
What is (-55 - -46) + (2 - 0)?
-7
What is (-10 - -14 - (-1 + 9)) + 7?
3
What is the value of 4 + 3 + -1 + -2?
4
What is 13 - 